lue of 76 - (-14 + (28 - 7) - 17)?
86
Evaluate 71 + -15 + 12 + -5 + (-11 + -4 - -12).
60
(-9 - -89) + (-13 - -6 - (9 - 0))
64
95 - -3 - (-41 + 192 - 120)
67
(-29 - -14 - 19 - -17) + 1 + 0
-16
What is the value of -36 - -56 - 4 - 8?
8
-12 + -3 - (135 + (11 - -2 - (-19 + 35)))
-147
Evaluate (-7 - -23) + (0 - (-10 - -11)).
15
What is the value of -26 + 2 + (-125 - -194) + -15?
30
Calculate (7 - 17 - (-156 + 67)) + -8.
71
What is (83 - -1) + (-3255 - -3174)?
3
Calculate -124 - -71 - -41 - (-1 + 1 + -65).
53
Evaluate (22 - (-10 - 1)) + -7 + 28.
54
(27 - 32) + 13 - (13 + -3 + 5 + 0)
-7
What is 14 + (1 - -15) + (1 + 7 - 2) + -19?
17
Calculate 31 + -2 - 18 - (11 - (-5 + 6)).
1
(-823 - -846 - (-4 - (-14 + -1))) + -134
-122
Calculate (41 - ((81 - 29) + -43)) + -3.
29
133 - 14 - ((-21 - 9) + 13)
136
Evaluate -59 - (3 + -122 + 69).
-9
What is the value of 4 + (-88 - -45) + 74?
35
What is the value of (-17 - -8) + 33 + -40?
-16
Evaluate -375 + 360 + (1 - -1) + -35.
-48
Calculate 52 + -208 + 95 - -171.
110
Evaluate 57 - ((91 - 56) + -16).
38
Evaluate 20 + -42 - -17 - (-1 + 5 + -24).
15
What is 23 - -76 - -19 - ((7 - -9) + -9)?
111
Calculate (21 - -51) + 106 + -95.
83
What is 77 - 69 - (12 + -122) - 24?
94
Evaluate -6 - (-106 - (0 + -3)) - (-30 - 3 - -33).
97
What is 18 - (-1 - -11 - (-13 + 50 + -20))?
25
Evaluate 166 - (-71 + (406 - 14)).
-155
What is 105 + -82 - (2 - -31) - ((0 - -3) + -50)?
37
Calculate (-95 - -13) + (4 - -38).
-40
-2 + 44 + (-627 - -615) + (-1 - 0)
29
-61 + (11 - (2 + -3)) + 4
-45
-17 - (-7 + (-56 - 2) - -16)
32
Evaluate 353 + -71 + -113 - 38.
131
(1 - (81 + -32)) + 29 + 15 + -2
-6
What is the value of -55 - (63 - 182) - -48?
112
What is -4 + -12 + 32 - (-23 - (13 - -9))?
61
Evaluate -873 - -846 - (1 + -14).
-14
-122 + 37 + 34 + 41
-10
What is -13 - -50 - 13 - (1 - -78)?
-55
Evaluate -1 + 9 - (-22 - -16 - (6 - (16 + 33))).
-29
Evaluate -6 - (7 + -5 + -21 + 25 + -13).
1
Evaluate (-124 + -2 - -84) + 25.
-17
Evaluate -769 - -755 - (-1 + -78 + -2) - 14.
53
What is 26 + 2 + -416 + 420?
32
Evaluate (-40 - -23 - -30) + -38 + 15.
-10
What is the value of -3 + 1 + 0 - (14 + -4 + 15 + -12)?
-15
What is the value of (-96 - (61 + -207)) + (3 - -17)?
70
47 - (-2 - -10) - (-75 - -95)
19
What is the value of -14 + -36 + (30 - 20 - 3)?
-43
Calculate -42 + 54 + -109 - (-18 + 3).
-82
What is -17 + -13 - (58 - 103)?
15
What is -3 - (8 - 15 - -22 - (-70 - -41))?
-47
Calculate -18 - (-1 + -1) - (75 + -37 + -25).
-29
Evaluate -5 + (37 + -85 - -58).
5
Evaluate -53 - (52 - (0 + 47)).
-58
Calculate -25 + (-37 - -84) + (0 - 11).
11
What is 0 + -1 - (2 + 6 + -49 + 85)?
-45
What is -31 + (-133 - -53) + 62?
-49
9 + -1 - ((-2 + 3 - -2) + 123 + -133)
15
36 + 1 - (-152 - (-213 + 73))
49
Evaluate -12 + -53 + 132 + -89.
-22
What is the value of 22 + (-37 - -33) - 2?
16
(-17 + 8 - 0) + 7 + (-25 - -9)
-18
What is the value of 67 + (13 - (1 - 0)) + -867 + 842?
54
What is -8 + (4 - (1 + (2 - 0)))?
-7
-9 - (3 + 7) - (-170 + 154)
-3
What is 256 - 310 - (-50 + -12)?
8
Evaluate -93 + (105 - -124) + -5.
131
-14 + -6 + 78 - 13
45
Evaluate -186 + 23 + 74 + 74 - (1 - -103).
-119
What is -2 + 4 + (46 + -3 + 2 - 2) + -10?
35
Calculate (-12 + 60 - 18) + (30 - 0).
60
What is -2 + 2 + 24 - (31 + -40 + -5)?
38
Evaluate -58 + (21 - -11 - -61).
35
What is (2 - 17) + -17 + 38 - (2 + 12)?
-8
What is the value of -4 - (-15 - -1) - (-28 + (-4 - -13) - -2)?
27
Evaluate (14335 - 14349) + (2 + 0 - 17 - 2).
-31
Calculate (-2 - 9) + (25 - 8 - 0) - -2 - 21.
-13
Evaluate (-4 - 0) + 26 - -6 - 0.
28
57 + -2 + (-74 - -12)
-7
Calculate (-140 - -117) + 33 - (-8 - (2 + -6 + 4)).
18
What is 6 + (33 + -32 - (1 - -4)) - 74 - 1?
-73
Calculate 14 + -44 + -15 + 23 + 33.
11
What is the value of 8 + -1 + 5 - ((-43 - 62) + 96)?
21
What is the value of -2 + 44 + (-2130 - -2044)?
-44
(96 - 31) + -20 - 11
34
2 - (-34 + (-8 + 32 - 34))
46
Calculate -10 + 30 + 3 - 38 - (-14 - 5).
4
Calculate (16 - (3 + -6)) + -293 + 293.
19
What is the value of 150 + -162 - (10 + 2 + -8 + 0)?
-16
Calculate (-3 - 1) + (-2 - 16 - (194 + -166)) + -20.
-70
Calculate -76 - (-261 - (14 + -88)).
111
Evaluate -53 - (-51 + -63) - 28.
33
Calculate 10 - (-2 + 20 + 0 + (129 - 136)).
-1
What is (-6 - -1) + 7 - (-12 + (-14 - -47))?
-19
(-1 + -4 - (76 - 128)) + 23 + -24
46
Evaluate 43 + (1 - 106) + 33.
-29
What is 96 - (-9 - -132) - ((0 - 8) + 2 + -1)?
-20
Evaluate (25 - -17) + -63 + -22.
-43
-47 + (1 + -23 - (-160 - -151))
-60
What is (2 - (84 + 1 - 4)) + (-783 - -766)?
-96
16 + -1 + -12 + 52 + -9 + 25
71
Evaluate 72 + (13 - 1) + -5 + 5.
84
What is 42 - (17 + (17 - 19) - 2)?
29
Calculate 78 + 48 + -36 + -70.
20
Evaluate (-1 - -26) + -288 + 305 + 5.
47
What is 54 + 3 + -39 + 6?
24
(-15 - 16) + (-123 - -117)
-37
23 + -15 - (2 + (5 - ((-1 - -6) + -8)))
-2
Evaluate -78 - (18 - -12 - 92).
-16
Evaluate 15 + (-129 + 99 - (20 + 1)).
-36
Evaluate 0 - 0 - (-2 - -21 - 14 - 6 - -27).
-26
Evaluate -53 - (18 + -9 + -1 + (-1 - 17)).
-43
Calculate 42 - (-101 - -100) - 26.
17
What is (3 - (-1 - (15 + 9))) + (209 - 191)?
46
What is the value of (62 - -4) + -192 - -48?
-78
(-10 - -15 - (-2 - -56)) + 7 + 19 + -17
-40
Calculate 28 + (-9 - (-5 + 6)) + 16 + 5 + -3.
36
What is (-18 - (2 - 34 - (-390 - -365))) + 116?
105
What is (5 - -38) + -32 + (1 - -19) + -1?
30
What is the value of (-1 + 3 - 3) + -53 + 6 + 1 - -7?
-40
What is (2 - -73) + (40 + 62 - 110)?
67
Calculate 9 - (5 + -18 + -3 + 5).
20
Calculate (1 + 8 - (514 + -532 + (1 - -21))) + 12.
17
-16 - 0 - (-13605 - -13639)
-50
What is the value of -249 + 63 + 18 + 156?
-12
What is the value of (34 - (-4 - (-11 - 16))) + 1 + 3?
15
Evaluate (57 - (6 - -65)) + 1 + 75.
62
Evaluate -12 - (16 - 14 - 11) - -5.
2
Calculate (0 - 10) + -33 - ((-4 - 24) + 16).
-31
What is (-1 - -10) + (19 - ((252 - 235) + (-1 - -57)))?
-45
Evaluate 20 + -48 + 20 - (35 + 0 - (-16 + 11)).
-48
(-11 - -6) + -95 + 91 + (2 + -2 - 72)
-81
Evaluate -48 + 32 + 39 + -1 + -17.
5
What is (1 - -12) + (-236 - (156 - 377))?
-2
What is -136 - -149 - 72 - -118?
59
What is the value of -29 + (-19 - -35) - (-21 - -3)?
5
What is (-16 - -3 - (-60 - -35)) + (-7 - -19)?
24
Evaluate -12 - (-94 + -17 - -26) - (-12 + -2 + 0).
87
Evaluate 14 - (-36 + 39) - (-1 - 2) - 127.
-113
Evaluate 27 - 20 - (16 - -10 - 112).
93
-2 + -3 + -8 + 8 + -19 + -26
-50
Evaluate (0 - -4) + 10 + (-3 - (-7 - -9) - -57).
66
What is the value of (47 + -67 - (3 + 2)) + -21?
-46
What is (8 - ((79 + -79 - (-3 + -1)) + -9)) + -5?
8
What is the value of (-25 - 4) + -26 + (-9 - 6)?
-70
What is -8 - (3 + 0) - (94 - 67 - -12)?
-50
Evaluate (-10 - -67) + -21 - 14 - (9 - 54).
67
What is 63 + -62 + (33 - 25)?
9
Evaluate 28 - -5 - (16 - -53).
-36
-10 - (28 + -32) - (0 - 1) - 36
-41
What is the value of 4 - (51 + -57 - (36 + -7))?
39
What is the value of 9 + 1 + (-68 - 6) - ((6 - -3) + -11)?
-62
What is 13 - (3 + 2 + 13 - 10)?
5
1 - 3 - ((-4 - -13 - 3) + (292 - 249))
-51
Calculate (-106 - -159) + (-7 - (-6 + (-9 - -8 - 2))).
55
What is the value of 37 + (-84 - -14) + -32?
-65
Calculate 23 + 33 - 53 - (-3 - -52).
-46
Calculate 1 + -23 - (-16 - -43 - 45).
-4
Evaluate (-7 - (-12 + 31 - -20) - (-1 - -1)) + 2.
-44
-5 - (16 + (38 - (7 - -3)))
-49
What is the value of (8 - -92) + (-2 - -5) + -16?
87
What is the value of -1 + -4 + (0 - -1) + (-68 - -62)?
-10
What is the value of 2 + (-2 + -4 - 1) + -20 + -45?
-70
Evaluate 429 + -304 - (-12 - (-23 + 12)).
126
Evaluate 4 + 38 - 16 - -6.
32
Calculate -67 - -53 - (0 + -1) - (41 - -10).
-64
What is the value of -76 + 65 - (-31 - -2 - -7)?
11
(-12 + -58 + -3 - -55) + (-1 - 62)
-81
Calculate -1 - -2 - (4 + -16) - (-155 - -148).
20
What is the value of 33 - ((11 + -26 - -15) + (-1 - -2) + 4)?
28
What is 39 + -34 + 34 + 1?
40
(3 - -2) + -9 + 1 + -8
-11
What is -320 - -265 - (7 + 20)?
-82
What is 4 + 43 + (-9 - 57)?
-19
Calculate -30 + -32 + 30 + 27 - (-49 + -1).
45
What is 32 + (-32 - (-34 - -20))?
14
Calculate (-28 - 0) + (-62 - -85) + -13.
-18
18 - (5 - -18 - (-10 - -4)) - (-26 + -1)
16
Calculate 3 + (33 - 1) + (878 - 872).
41
What is -172 - -167 - (-3 + 6 + -24 + 1)?
15
Calculate 1 + -1 + -8 + 64 + -178 + 72.
-50
Evaluate -3 + (1 - -12) - ((-18 - (4 - 16)) + -56).
72
Evaluate 4 + (41 + -13 + -21 - 26).
-15
What is the value of (-16 - -34) + 0 + -117 - (-12 + 0 + 8)?
-95
C